5 (base 8) to base 13
-3b3
Convert 805 (base 9) to base 2.
1010001101
29213 (base 12) to base 3
2220122020
Convert -17188 (base 13) to base 4.
-22302331
What is -1102101 (base 3) in base 14?
-540
What is -31880 (base 9) in base 8?
-51214
20d (base 16) to base 8
1015
Convert -10000110001 (base 2) to base 9.
-1422
What is 3120002 (base 4) in base 3?
200222002
Convert 183 (base 10) to base 8.
267
24451 (base 12) to base 7
262630
-3710 (base 8) to base 13
-ba3
111100 (base 4) to base 12
954
88c (base 13) to base 10
1468
-132120 (base 5) to base 12
-3085
Convert -2103342 (base 5) to base 8.
-104037
Convert -bd0 (base 14) to base 4.
-210202
What is -3443 (base 10) in base 7?
-13016
-12324 (base 8) to base 16
-14d4
What is -bf90 (base 16) in base 4?
-23332100
1748 (base 9) to base 12
938
-2275 (base 9) to base 4
-122120
What is -1c0 (base 14) in base 3?
-111111
Convert d6d (base 14) to base 3.
10121222
What is 1424133 (base 5) in base 6?
350302
What is -4433 (base 6) in base 11?
-856
What is -7462 (base 11) in base 14?
-384d
-23b (base 15) to base 2
-111111010
Convert -1944 (base 16) to base 10.
-6468
-12333 (base 12) to base 5
-1242123
Convert 1165 (base 9) to base 6.
4005
What is -101011000011 (base 2) in base 14?
-100b
Convert -10e (base 16) to base 8.
-416
Convert 58 (base 15) to base 14.
5d
What is 1033203 (base 4) in base 14?
1bd9
What is -5977 (base 15) in base 5?
-1102022
Convert -110100101 (base 2) to base 9.
-517
-2744 (base 9) to base 16
-811
Convert 51015 (base 6) to base 14.
2631
Convert -794 (base 10) to base 4.
-30122
-1100100010 (base 2) to base 13
-499
202020 (base 6) to base 5
1002441
Convert 220002212 (base 3) to base 7.
102143
Convert -775 (base 10) to base 7.
-2155
533 (base 7) to base 4
10031
What is -332010 (base 5) in base 13?
-5310
-8551 (base 11) to base 6
-124205
Convert 31100 (base 4) to base 16.
350
-3156 (base 13) to base 14
-26bd
Convert -322440 (base 6) to base 10.
-26520
What is -1433 (base 7) in base 15?
-278
3313 (base 11) to base 5
114440
-44225 (base 6) to base 14
-2345
What is -21324 (base 5) in base 15?
-679
-2781 (base 10) to base 11
-20a9
-4684 (base 10) to base 4
-1021030
What is -11100000001 (base 2) in base 3?
-2110102
What is -3331 (base 10) in base 16?
-d03
Convert -15352 (base 8) to base 9.
-10405
806 (base 14) to base 13
941
Convert -110111111 (base 2) to base 4.
-12333
Convert 36765 (base 11) to base 6.
1044323
240 (base 5) to base 13
55
3235 (base 13) to base 11
526a
1103 (base 5) to base 11
12a
What is 5466 (base 9) in base 5?
112104
Convert 140450 (base 6) to base 16.
334e
What is 3 (base 10) in base 13?
3
What is 10011001101 (base 2) in base 13?
737
What is 1211101221 (base 3) in base 5?
2123031
-210001 (base 4) to base 9
-3141
Convert ac1b (base 13) to base 11.
17059
-2368 (base 15) to base 7
-30635
Convert -1333110 (base 4) to base 14.
-2d80
410 (base 15) to base 11
762
What is -5135 (base 12) in base 16?
-2279
-12120 (base 5) to base 13
-550
What is 1cc (base 14) in base 15?
1a1
21001000 (base 3) to base 9
7030
What is -3931 (base 15) in base 13?
-5722
Convert -1341224 (base 5) to base 8.
-66051
Convert 2a6 (base 15) to base 8.
1136
1301010 (base 5) to base 12
12662
What is 2213042 (base 5) in base 11?
26a40
What is 3014333 (base 5) in base 14?
13753
What is 22301 (base 4) in base 11?
577
-448 (base 11) to base 2
-1000011000
101101001000 (base 2) to base 13
1412
What is -3828 (base 12) in base 16?
-18e0
What is 133640 (base 8) in base 4?
23132200
-12332 (base 7) to base 8
-6271
-15b (base 12) to base 16
-d7
8612 (base 9) to base 11
4834
What is 2f7 (base 16) in base 6?
3303
What is ee (base 15) in base 13?
143
100011010 (base 2) to base 16
11a
102312 (base 4) to base 13
71a
-1110110100 (base 2) to base 5
-12243
What is -110220102 (base 3) in base 13?
-4388
Convert 77730 (base 8) to base 2.
111111111011000
Convert -11c6 (base 13) to base 9.
-3418
Convert 7518 (base 13) to base 10.
16245
262 (base 13) to base 8
642
-2123 (base 6) to base 5
-3413
-43004 (base 6) to base 15
-1ae1
-e42 (base 16) to base 10
-3650
Convert 13002 (base 10) to base 12.
7636
427 (base 10) to base 15
1d7
What is 101110110 (base 2) in base 14?
1ca
-553 (base 16) to base 4
-111103
What is 33121312 (base 4) in base 11?
43449
Convert -116 (base 13) to base 9.
-228
What is -1532 (base 9) in base 7?
-3251
Convert -11000100111 (base 2) to base 8.
-3047
What is 158 (base 9) in base 14?
98
-1b52 (base 15) to base 11
-44a9
Convert -2165 (base 15) to base 16.
-1b9e
Convert 1100110 (base 2) to base 16.
66
Convert -88 (base 9) to base 7.
-143
-16a6 (base 14) to base 15
-1311
2353 (base 7) to base 9
1167
Convert 103321 (base 4) to base 15.
59d
Convert 183 (base 12) to base 15.
113
What is -92 (base 10) in base 9?
-112
Convert 575 (base 14) to base 12.
763
Convert 403 (base 5) to base 4.
1213
Convert 500 (base 15) to base 8.
2145
342 (base 5) to base 8
141
Convert 2220 (base 3) to base 7.
141
-50230 (base 6) to base 3
-100000100
What is -21a9 (base 11) in base 4?
-231112
21331011 (base 4) to base 9
61833
Convert 161671 (base 8) to base 9.
87864
-1424 (base 6) to base 10
-376
Convert -424134 (base 5) to base 3.
-201121102
What is -1100020 (base 3) in base 4?
-33102
Convert b511 (base 16) to base 13.
18138
What is -111011000111101 (base 2) in base 4?
-13120331
32303033 (base 4) to base 13
21794
Convert -2286 (base 15) to base 8.
-16236
Convert -466 (base 9) to base 4.
-12000
-3a88 (base 14) to base 16
-2848
1591 (base 11) to base 6
13232
-216 (base 15) to base 16
-1d7
4202311 (base 5) to base 13
2559c
What is -bc5e (base 16) in base 4?
-23301132
What is 20112201 (base 3) in base 11?
3648
What is -212203 (base 4) in base 10?
-2467
Convert -11111011011 (base 2) to base 4.
-133123
What is 12813 (base 10) in base 3?
122120120
215224 (base 6) to base 12
a514
Convert -5032 (base 6) to base 13.
-668
What is -13152 (base 6) in base 4?
-133130
1115 (base 7) to base 15
1be
Convert -101110011111 (base 2) to base 10.
-2975
Convert -1326 (base 8) to base 13.
-43b
Convert -1243 (base 10) to base 14.
-64b
214 (base 15) to base 6
2101
Convert -5b1 (base 13) to base 9.
-1318
7349 (base 15) to base 9
36376
Convert -1216 (base 9) to base 14.
-48a
165d (base 15) to base 9
6537
2352 (base 9) to base 4
123110
What is 2522 (base 8) in base 15?
60c
What is 10001010111 (base 2) in base 4?
101113
What is 554 (base 9) in base 6?
2034
What is 10211102 (base 3) in base 2?
101011101000
310101 (base 5) to base 16
272a
What is 1155211 (base 6) in base 14?
18899
-243 (base 15) to base 8
-1001
Convert -28 (base 9) to base 13.
-20
Convert 16433 (base 7) to base 3.
20102022
What is 451a (base 14) in base 11?
9001
Convert -11101001000 (base 2) to base 13.
-b05
What is -469 (base 13) in base 9?
-1037
-7030 (base 9) to base 11
-3944
Convert -101100010100 (base 2) to base 3.
-10220001
What is -323131 (base 4) in base 6?
-25341
-549 (base 13) to base 16
-38a
Convert 9784 (base 10) to base 8.
23070
What is 32130 (base 7) in base 14?
2c87
411 (base 8) to base 3
100211
25430 (base 6) to base 16
efa
What is -2221000 (base 3) in base 4?
-201111
-1000110000001 (base 2) to base 8
-10601
Convert 65d0 (base 14) to base 4.
10103122
1001010110000 (base 2) to base 9
6505
Convert -4d (base 16) to base 5.
-302
Convert -103031 (base 4) to base 14.
-63b
Convert 35a (base 16) to base 4.
31122
130202 (base 4) to base 10
1826
1501 (base 13) to base 9
4151
Convert -23024 (base 10) to base 12.
-113a8
-1621 (base 10) to base 8
-3125
Convert 13111 (base 4) to base 3.
122101
What is -440002 (base 6) in base 3?
-1211210002
505 (base 9) to base 14
214
What is 718a (base 12) in base 6?
133054
What is -11202210 (base 3) in base 16?
-d95
-163 (base 13) to base 2
-11111010
-2e3 (base 15) to base 10
-663
What is 31434 (base 5) in base 2?
100001000111
Convert 366 (base 10) to base 15.
196
Convert 210222 (base 3) to base 8.
1121
-36345 (base 10) to base 14
-d361
What is 1920 (base 13) in base 15?
1199
Convert -785 (base 11) to base 10.
-940
-1102 (base 4) to base 10
-82
-110003 (base 4) to base 16
-503
Convert -121120 (base 3) to base 15.
-1ec
8a0 (base 11) to base 3
1110221
-97 (base 10) to base 4
-1201
Convert -1101100010011101 (base 2) to base 8.
-154235
Convert 1130032 (base 4) to base 6.
43154
Convert 4